ose 2*l - 5*a + 4 = -l, -10 = -3*l - 2*a. Is (l + (-15)/6)*-20 a multiple of 4?
False
Suppose -5*w = 0, 5*x + 3*w + 26 = 306. Is 12 a factor of x?
False
Let u(c) be the first derivative of 3*c**4/2 + c**3/6 + 3*c**2/2 + 1. Let y(w) be the second derivative of u(w). Does 16 divide y(1)?
False
Let a be 3 + (2 - 2) - 1. Does 15 divide ((-174)/18)/(a/(-6))?
False
Is (-6)/(-105)*-5 + (-2944)/(-14) a multiple of 30?
True
Let k(n) = n + 5. Suppose 2*i - 45 = 7*i. Let f be k(i). Let v(m) = m**3 + 4*m**2 - 5*m - 4. Does 8 divide v(f)?
True
Let k = 5 - 8. Let y be ((-7)/k)/((-3)/(-9)). Suppose 4*x = -5*i + 121, y*i = x + 2*i + 1. Is 12 a factor of x?
True
Suppose -45 = -4*n + 211. Suppose 3*z - 129 = -0*z. Let p = n - z. Is p a multiple of 13?
False
Suppose 0 = -g + 4*g - 210. Is g a multiple of 32?
False
Let x be (-1884)/(-21) - 6/(-21). Let k = x + -56. Does 14 divide k?
False
Let h(z) = -z**2 + z + 67. Is h(0) a multiple of 10?
False
Let m(p) = -24*p - 21. Is 24 a factor of m(-7)?
False
Let q(l) = l**2 - 6*l + 6. Let t be q(4). Let w be 21 + t + -1 + 6. Suppose -w = -4*j - 3*h + 116, 0 = 5*h - 20. Is 16 a factor of j?
True
Does 4 divide 5*19/(-2)*66/(-55)?
False
Let c = 106 + -50. Suppose 0*p + c = 4*p. Is p a multiple of 7?
True
Let j(z) = z**3 + 5*z**2 - 5*z. Let g be (10/(-3))/((-4)/(-6)). Does 25 divide j(g)?
True
Suppose 0*b = 4*b + 504. Let v = -453 - b. Does 15 divide (-1)/3 - v/9?
False
Let t(b) = b**2 - 4*b - 5. Let i be t(5). Suppose 2*n + i*n - 10 = 0. Suppose n*m - 128 = -4*w + 4*m, w + 5*m = 13. Does 11 divide w?
True
Let p(j) = j**2 + 5*j + 9. Let t(v) = -1. Let d(f) = p(f) + 5*t(f). Suppose 14 = -3*w - 5*g - 21, 2*g = -8. Is 4 a factor of d(w)?
True
Suppose 8 = -2*v, 5*j + 0*v + 367 = 2*v. Is 25 a factor of j/6*(0 - 2)?
True
Let i(k) = k**3 + 4*k**2 - 4*k - 2. Suppose -3*g - 4 = -2*m - 1, 7 = m + 4*g. Suppose -d + 5*d + 20 = 0, m*d = -5*z - 35. Is 7 a factor of i(z)?
True
Suppose 4*s + 2*f - 312 = 0, f + 227 = 3*s - f. Is 17 a factor of s?
False
Let h = -83 + 193. Is h a multiple of 55?
True
Let w(i) = -5*i**2 - 3*i - 2. Let y(g) = -5*g + 7. Let a(m) = 11*m - 15. Let n(v) = 6*a(v) + 13*y(v). Let t(z) = n(z) - w(z). Does 13 divide t(-2)?
False
Let u = 32 + -18. Suppose -25 = -k + u. Is k a multiple of 13?
True
Let w = -1 - -21. Suppose 0 = 2*a + 3*d + 6, -3*a + d + 2*d = -6. Suppose -w = -4*o - a. Is 2 a factor of o?
False
Let n = -78 + 141. Let k = n - 42. Does 21 divide k?
True
Suppose 0 = -5*u + u - 24. Let k = u - -7. Let w(v) = 31*v**2 - v. Is 10 a factor of w(k)?
True
Let w = -11 + 14. Is 19 a factor of -9*((-19)/w)/1?
True
Suppose 6*b = b + v + 36, -5*b = -2*v - 32. Let c(s) = 4*s - 5. Is 9 a factor of c(b)?
True
Let n(d) be the first derivative of -d**2/2 + 5*d - 5. Is n(-11) a multiple of 16?
True
Suppose 4*t = 4*d - 40, -4*t + t + d - 36 = 0. Let b = t - -22. Let m = 14 - b. Does 2 divide m?
False
Suppose -5*j + 3 + 7 = 0. Suppose -g - 103 = -4*w, -3*g + j*g - 51 = -2*w. Does 13 divide w?
True
Let j = -7 + 25. Is 9 a factor of j?
True
Let p(k) = -6*k - 9. Is p(-6) a multiple of 11?
False
Suppose 55 = -5*s - g, -4*s - 33 = 3*g - 0. Is 10 a factor of (-4)/16 - 195/s?
False
Is (4 - 0)*-1 + 49 a multiple of 9?
True
Let m(q) = -2*q**3 + q**2 + 2*q + 1. Let p be m(-1). Suppose 77 + 7 = p*s. Suppose -v - s = -4*v. Is 7 a factor of v?
True
Let c(k) = -4*k + 2. Does 19 divide c(-9)?
True
Let a(j) = -j**3 - 4*j**2 + 4*j - 2. Let z be a(-5). Let q be (8/(-12))/(4/(-6)). Is q + z - (-3 + 5) even?
True
Let u(o) be the second derivative of o**6/120 - o**5/12 - 5*o**4/24 + 5*o**3/6 - o**2/2 + o. Let x(k) be the first derivative of u(k). Is 11 a factor of x(6)?
True
Let d(l) = -2*l. Let f be d(-6). Suppose 67 = 3*y - 2*h, 0*h - 3*h + f = 0. Is 9 a factor of y?
False
Let p = 115 + -40. Does 18 divide p?
False
Let q = -26 - -56. Suppose -2*n - q = -5*n. Is n a multiple of 5?
True
Suppose 2*q + q = 0. Let z(j) = 2*j + q*j + 0*j - j - 3. Is 6 a factor of z(9)?
True
Let i(p) = p**3 - 3*p**2 - 2*p + 1. Let u = -4 + 8. Let x be i(u). Suppose -c + x = -4. Is 4 a factor of c?
False
Let f be ((-4)/3)/(-4)*-3. Let t(h) = -h**3 + 5*h**2 - 4*h - 3. Let z be t(4). Does 5 divide z*f/((-6)/(-20))?
True
Suppose p - 1078 = -5*g - 0*p, 2*p = -2*g + 428. Suppose 2*u - g = -5*m, u - 86 - 43 = -3*m. Let w = m - 22. Is 8 a factor of w?
False
Suppose -14 - 41 = -5*f. Does 2 divide f?
False
Suppose 2*f - 3*x = -6, -x = 2*f - 1 - 1. Suppose -9*l + 4*l + 180 = f. Is l a multiple of 12?
True
Let z = -33 + 13. Let s = z - -54. Does 7 divide s?
False
Is (123/(-4))/(33/(-220)) a multiple of 13?
False
Let m(l) = -l**3 - l**2 - l + 1. Let h(k) = 6*k**3 + k**2 - 2*k + 1. Let u(p) = h(p) + 5*m(p). Let n be u(5). Is 9 a factor of 24 + 2*(-2)/n?
False
Is (-1 + 157 + 3)/3 a multiple of 15?
False
Let t = 103 + -69. Is t a multiple of 17?
True
Suppose -7*y + 2*y + 1815 = -a, 0 = -4*y - a + 1443. Does 18 divide y?
False
Is 10 a factor of ((-50)/20)/((-2)/8)?
True
Suppose 2*v - 123 = v. Suppose -4*l = -l - v. Does 10 divide l?
False
Let u = -49 + 67. Is 5 a factor of u?
False
Suppose -4*b + 5*b - 133 = 0. Is 19 a factor of b?
True
Let v = -10 + 57. Suppose 3*r = 28 + v. Is r a multiple of 16?
False
Let g = 112 + -82. Is 4 a factor of g?
False
Let f(d) = d**3 - 8*d**2 + 10*d + 3. Is f(7) a multiple of 12?
True
Let j(b) = b - 2. Let i be j(2). Suppose -l + i*v + v + 23 = 0, l = -3*v + 27. Suppose 5*t + 2*s - 30 = 0, -4*t - 4*s = -2*s - l. Is t a multiple of 4?
False
Suppose 4*x - 6 = 2, 4*d - 2*x = 8. Suppose -f = 5*p - 32, 4*p - 37 = -2*f - 9. Suppose 2*w + p = d*w. Is w a multiple of 3?
True
Let y(l) = 3 - l**3 + 2 - 4 + 6*l**2 + 4 + 6*l. Is y(6) a multiple of 13?
False
Let l(k) = k**3 - 2*k**2 - k - 4. Let s be l(3). Suppose 0*v = -s*v + 48. Does 12 divide v?
True
Let g(o) be the third derivative of o**4/24 + 2*o**3/3 - 2*o**2. Does 12 divide g(8)?
True
Suppose 4*z + 18 = -2*n, 4*n + 5*z + 0*z = -27. Does 8 divide 6*1/(-2)*n?
False
Let r(a) = -a**2 + 11*a + 12. Suppose 2*i - 32 = -2*u, -12 + 56 = 3*i + 2*u. Let t be ((-27)/i)/((-3)/12). Does 15 divide r(t)?
True
Let x(n) = 22*n**3 - n**2 + n. Let b be x(1). Suppose 0 = -o - l - 5, l - 2*l - 29 = 4*o. Let i = o + b. Does 6 divide i?
False
Let i(o) = -o**3 - o**2 - o + 8. Let n be 4/(-22) - (-24)/11. Suppose -n*h - h = 0. Is i(h) a multiple of 8?
True
Let l(v) be the third derivative of v**6/120 - v**5/20 + v**4/24 + v**3/3 + 4*v**2. Let f be l(2). Is f + -6*(-24)/9 a multiple of 12?
False
Suppose 70*f = 66*f + 176. Does 11 divide f?
True
Suppose 2 = 4*f - 3*f. Suppose 48 = 5*q + f*d, -3*d - 12 = 4*q - 7*q. Does 4 divide q?
True
Let c = -7 - 8. Is 11 a factor of (-2)/5 - 471/c?
False
Let v = -3 + 5. Suppose -v*a - 194 + 586 = 0. Suppose 5*t - 3*y = a, t - 32 = -5*y + 2*y. Is 13 a factor of t?
False
Let b(t) = 9*t - 1. Let f(v) = -v**3 - 3*v**2 - 2*v + 1. Let h be f(-2). Suppose s = 2*y - y + h, 0 = -3*s - 5*y + 3. Is b(s) a multiple of 3?
False
Suppose 2*n = 2*c + 22 + 10, -n + 28 = 5*c. Suppose 4*g + 2 = n. Does 13 divide g*(-2 - 31/(-4))?
False
Let b = 5 + -2. Let c be (-4)/(-10) + 216/10. Suppose -3*l - 2*m - m = -18, -4*m = b*l - c. Is l even?
True
Suppose -11*g = -9*g. Let w = 15 - g. Is w a multiple of 15?
True
Suppose 0 = 4*j - 0*f - f - 172, 4*j + 3*f - 172 = 0. Let u = j + -21. Is u a multiple of 11?
True
Suppose b = 9 + 50. Let k = b - 20. Does 12 divide k?
False
Let u(o) = -o**3 - 9*o**2 + 4*o + 12. Let q be u(-9). Suppose 4*n - a - 1 = 0, -3*n - n - 2*a - 2 = 0. Let v = n - q. Does 15 divide v?
False
Let i(j) = j**2 + 0*j**2 - 5*j - 5*j**2 + 6 + 2*j**2. Let o(m) = m**2 + m - 1. Let n(u) = i(u) + 3*o(u). Does 18 divide n(-3)?
True
Suppose -2*q = -6*v + 3*v + 167, v = 3*q + 65. Does 2 divide v?
False
Let c = 13 + -1. Is 7 a factor of c?
False
Suppose -4*h + 61 + 31 = -3*y, h + 2*y - 23 = 0. Let n = -13 + h. Does 10 divide n?
True
Suppose 198 - 530 = 4*l. Let n(c) = 5*c**2 - 3*c + 7. Let v be n(5). Let z = v + l. Is z a multiple of 20?
False
Suppose -3*f - 3*n + 453 = 0, -3*n = -2*f - n + 314. Is f a multiple of 11?
True
Let k = -13 + 15. Suppose -2*w - 4*s + 68 = k*w, 5 = -5*s. Is 9 a factor of w?
True
Let w be ((-3)/(-6))/(3/(-702)). Let h = w + 203. Is 12 a factor of h?
False
Suppose -2 = -0*p + 2*p. Let n = p - -16. 